{"id":17,"date":"2020-03-17T07:31:06","date_gmt":"2020-03-17T07:31:06","guid":{"rendered":"http:\/\/tadys.fr\/page-1\/"},"modified":"2026-04-13T14:12:20","modified_gmt":"2026-04-13T14:12:20","slug":"page-1","status":"publish","type":"page","link":"https:\/\/tadys.fr\/?page_id=17","title":{"rendered":"GILI GROUP Sp\u00e9cialiste du Transport pour l&rsquo;Agriculture"},"content":{"rendered":"<div class=\"\" style=\"\" >\n    \n    <section class=\"u-clearfix u-image u-shading u-section-2\" id=\"sec-6b64\" style=\"background-image: linear-gradient(0deg, rgba(0, 0, 0, 0.5), rgba(0, 0, 0, 0.5)), url(&quot;https:\/\/tadys.fr\/wp-content\/uploads\/2020\/03\/20141209_120844.jpg&quot;);\">\n      <div class=\"u-clearfix u-sheet u-sheet-1\">\n        <div class=\"u-clearfix u-expanded-width u-layout-wrap u-layout-wrap-1\">\n          <div class=\"u-gutter-0 u-layout\">\n            <div class=\"u-layout-row\">\n              <div class=\"u-container-style u-layout-cell u-left-cell u-size-20 u-layout-cell-1\">\n                <div class=\"u-container-layout u-valign-middle-xl u-valign-top-sm u-valign-top-xs u-container-layout-1\">\n                  <img decoding=\"async\" src=\"https:\/\/tadys.fr\/wp-content\/uploads\/2020\/03\/Usine.jpg\" alt=\"\" class=\"u-expanded-width-md u-expanded-width-sm u-expanded-width-xl u-expanded-width-xs u-image u-image-default u-image-1\" data-image-width=\"800\" data-image-height=\"800\">\n                <\/div>\n              <\/div>\n              <div class=\"u-align-justify u-container-style u-layout-cell u-right-cell u-size-40 u-layout-cell-2\">\n                <div class=\"u-container-layout u-valign-top-lg u-valign-top-md u-valign-top-sm u-valign-top-xs u-container-layout-2\">\n                  <p class=\"u-text u-text-1\"> Gili Group est un constructeur de v\u00e9hicules de transport situ\u00e9 en Espagne (Montgai) en Catalogne. Plus de 70 personnes y travaillent et y fabriquent plus de 700 v\u00e9hicules par an.<br>C\u2019est une usine industrialis\u00e9e et moderne avec robots de soudure, de d\u00e9coupe qui permettent d\u2019offrir la meilleure des qualit\u00e9s de fabrication avec les aciers et les composants les plus nobles. L\u2019usine a \u00e9t\u00e9 \u00e9tendue en 2018 pour atteindre les 15000 m2 couverts pour augmenter la capacit\u00e9 de production et am\u00e9liorer le magasin des pi\u00e8ces d\u00e9tach\u00e9es.<br>Gili Group poss\u00e8de une large gamme : plateaux fourragers et porte-engins, bennes monocoques agricoles, bennes TP, bennes \u00e0 ridelles, \u00e9pandeurs \u00e0 fumier, transbordeurs, tonnes \u00e0 lisier...<br>De plus, l\u2019application Dosicontrol d\u00e9velopp\u00e9e par Gili est la plus pouss\u00e9e et innovante sur le march\u00e9 de la tonne \u00e0 lisier, cette innovation refl\u00e8te la strat\u00e9gie que Gili suit depuis plusieurs ann\u00e9es : se renouveler et anticiper la demande de nos clients.&nbsp;<br>L'homologation Europ\u00e9enne d\u00e9j\u00e0 faite chez Gili en est un autre exemple concret.\n                  <\/p>\n                <\/div>\n              <\/div>\n            <\/div>\n          <\/div>\n        <\/div>\n        <img decoding=\"async\" src=\"https:\/\/tadys.fr\/wp-content\/uploads\/2020\/03\/GILI2-2.png\" alt=\"\" class=\"u-image u-image-default u-image-2\" data-image-width=\"1051\" data-image-height=\"430\">\n      <\/div>\n    <\/section>\n    <section class=\"u-clearfix u-section-3\" id=\"sec-8229\">\n      <div class=\"u-clearfix u-sheet u-valign-middle u-sheet-1\">\n        <div class=\"data-layout-selected u-clearfix u-layout-wrap u-layout-wrap-1\">\n          <div class=\"u-layout\">\n            <div class=\"u-layout-row\">\n              <div class=\"u-container-style u-layout-cell u-left-cell u-size-30 u-layout-cell-1\">\n                <div class=\"u-container-layout u-container-layout-1\">\n                  <h3 class=\"u-align-center u-text u-text-grey-75 u-text-1\">Sp\u00e9cialiste Transport<\/h3>\n                  <img decoding=\"async\" src=\"https:\/\/tadys.fr\/wp-content\/uploads\/2020\/03\/BENNEVECTO.png\" alt=\"\" class=\"u-image u-image-default u-image-1\" data-image-width=\"1526\" data-image-height=\"787\">\n                  <p class=\"u-align-center u-text u-text-2\"><b> Bennes monocoques ou \u00e0 ridelles :<\/b> 1, 2 ou 3 essieux<br><b>Bennes TP :<\/b> 2 essieux<br><b>\u00c9pandeurs&nbsp;\u00e0 fumiers :<\/b> 2 essieux<br><b>Tonnes \u00e0 lisiers : <\/b>1, 2 ou 3 essieux (8000 \u00e0 26000 L)<br><b>Plateaux fourragers :<\/b>&nbsp;8.00 m \u00e0 10.50 m<br><b>Transbordeurs :<\/b> 1 ou 2 essieux (21 \u00e0 38 m3)\n                  <\/p>\n                <\/div>\n              <\/div>\n              <div class=\"u-container-style u-layout-cell u-right-cell u-size-30 u-video u-video-1\">\n                <div class=\"u-background-video u-expanded u-video-contain\" style=\"\">\n                  <div class=\"embed-responsive embed-responsive-1\">\n                    <iframe style=\"position: absolute;top: 0;left: 0;width: 100%;height: 100%;\" class=\"embed-responsive-item\" src=\"https:\/\/www.youtube.com\/embed\/z-kewV5sUVA?playlist=z-kewV5sUVA&amp;loop=1&amp;mute=1&amp;showinfo=0&amp;controls=0&amp;start=0&amp;autoplay=1\" data-autoplay=\"1\" frameborder=\"0\" allowfullscreen=\"\"><\/iframe>\n                  <\/div>\n                  <div class=\"u-video-shading\"><\/div>\n                <\/div>\n                <div class=\"u-container-layout u-valign-middle u-container-layout-2\"><\/div>\n              <\/div>\n            <\/div>\n          <\/div>\n        <\/div>\n      <\/div>\n    <\/section>\n    <section class=\"u-clearfix u-section-4\" id=\"sec-1ff7\">\n      <div class=\"u-clearfix u-sheet u-valign-bottom-sm u-valign-bottom-xl u-sheet-1\">\n        <div class=\"data-layout-selected u-clearfix u-expanded-width u-layout-wrap u-layout-wrap-1\">\n          <div class=\"u-gutter-0 u-layout\">\n            <div class=\"u-layout-col\">\n              <div class=\"u-size-30\">\n                <div class=\"u-layout-row\">\n                  <div class=\"u-container-style u-layout-cell u-left-cell u-size-20 u-layout-cell-1\">\n                    <div class=\"u-container-layout u-valign-bottom-xl u-container-layout-1\">\n                      <img decoding=\"async\" class=\"custom-expanded u-image u-image-1\" src=\"https:\/\/tadys.fr\/wp-content\/uploads\/2026\/04\/BT550.png\" data-image-width=\"2139\" data-image-height=\"1790\" data-href=\"https:\/\/tadys.fr\/?page_id=1177\">\n                      <h6 class=\"u-align-center u-text u-text-palette-1-dark-2 u-text-1\"><\/h6>\n                      <h6 class=\"u-align-center u-text u-text-palette-1-dark-2 u-text-2\">BANAGE &amp; ZEA<\/h6>\n                    <\/div>\n                  <\/div>\n                  <div class=\"u-container-style u-layout-cell u-size-20 u-layout-cell-2\">\n                    <div class=\"u-container-layout u-container-layout-2\">\n                      <img decoding=\"async\" class=\"u-expanded-width u-image u-image-contain u-image-default u-image-2\" src=\"https:\/\/tadys.fr\/wp-content\/uploads\/2026\/04\/EXPULSER900.png\" alt=\"\" data-image-width=\"2500\" data-image-height=\"1667\">\n                      <h6 class=\"u-align-center u-text u-text-palette-1-dark-2 u-text-3\">PUSHJOMAG<\/h6>\n                    <\/div>\n                  <\/div>\n                  <div class=\"u-container-style u-layout-cell u-right-cell u-size-20 u-layout-cell-3\">\n                    <div class=\"u-container-layout u-valign-top-lg u-valign-top-md u-valign-top-sm u-valign-top-xs u-container-layout-3\">\n                      <img decoding=\"async\" class=\"u-image u-image-contain u-image-default u-image-3\" src=\"https:\/\/tadys.fr\/wp-content\/uploads\/2026\/04\/ALLPACK80TF-scaled.png\" alt=\"\" data-image-width=\"4032\" data-image-height=\"2268\">\n                      <h6 class=\"u-align-center u-text u-text-palette-1-dark-2 u-text-4\">ALLPACK <\/h6>\n                    <\/div>\n                  <\/div>\n                <\/div>\n              <\/div>\n              <div class=\"u-size-30\">\n                <div class=\"u-layout-row\">\n                  <div class=\"u-container-style u-layout-cell u-left-cell u-size-20 u-layout-cell-4\">\n                    <div class=\"u-container-layout u-valign-top-lg u-valign-top-md u-valign-top-sm u-container-layout-4\">\n                      <img decoding=\"async\" class=\"u-file-link u-image u-image-default u-image-4\" src=\"https:\/\/tadys.fr\/wp-content\/uploads\/2026\/04\/IRON242-scaled.png\" alt=\"\" data-image-width=\"2592\" data-image-height=\"1944\" data-href=\"https:\/\/tadys.fr\/wp-content\/uploads\/2022\/02\/CATALOGUE-BENNES-GILI-PLANCHES.pdf\" data-target=\"_blank\">\n                      <h6 class=\"u-align-center u-text u-text-palette-1-dark-2 u-text-5\">IRON<\/h6>\n                    <\/div>\n                  <\/div>\n                  <div class=\"u-container-style u-layout-cell u-size-20 u-layout-cell-5\">\n                    <div class=\"u-container-layout u-valign-top-lg u-valign-top-md u-valign-top-sm u-valign-top-xs u-container-layout-5\">\n                      <img decoding=\"async\" class=\"u-file-link u-image u-image-contain u-image-default u-image-5\" src=\"https:\/\/tadys.fr\/wp-content\/uploads\/2026\/04\/ARTUS22000.png\" alt=\"\" data-image-width=\"1024\" data-image-height=\"768\" data-href=\"https:\/\/tadys.fr\/wp-content\/uploads\/2022\/02\/CATALOGUE-GILI-TONNE-A-LISIER.pdf\" data-target=\"_blank\">\n                      <h6 class=\"u-align-center u-text u-text-palette-1-dark-2 u-text-6\">ARTAI \/ ARTUS &amp; MAXMAR<\/h6>\n                    <\/div>\n                  <\/div>\n                  <div class=\"u-container-style u-layout-cell u-right-cell u-size-20 u-layout-cell-6\">\n                    <div class=\"u-container-layout u-valign-top-lg u-valign-top-md u-valign-top-sm u-valign-top-xs u-container-layout-6\">\n                      <img decoding=\"async\" class=\"u-file-link u-image u-image-contain u-image-default u-image-6\" src=\"https:\/\/tadys.fr\/wp-content\/uploads\/2026\/04\/SCREW60.png\" alt=\"\" data-image-width=\"837\" data-image-height=\"765\" data-href=\"https:\/\/tadys.fr\/wp-content\/uploads\/2022\/02\/CATALOGUE-TRANSBORDEURS-GILI-2022.pdf\" data-target=\"_blank\">\n                      <h6 class=\"u-align-center u-text u-text-palette-1-dark-2 u-text-7\">SCREW<\/h6>\n                    <\/div>\n                  <\/div>\n                <\/div>\n              <\/div>\n            <\/div>\n          <\/div>\n        <\/div>\n      <\/div>\n    <\/section>\n    <section class=\"u-clearfix u-image u-section-5\" id=\"sec-b922\" data-image-width=\"2096\" data-image-height=\"1572\" data-href=\"https:\/\/giligroup.com\" data-target=\"_blank\" style=\"background-image: url(&quot;https:\/\/tadys.fr\/wp-content\/uploads\/2021\/02\/IMG_75272021.jpg&quot;);\">\n      <div class=\"u-clearfix u-sheet u-sheet-1\"><\/div>\n    <\/section>\n    \n    \n    \n    \n  \n<\/div>","protected":false},"excerpt":{"rendered":"<p>Gili Group est un constructeur de v\u00e9hicules de transport situ\u00e9 en Espagne (Montgai) en Catalogne. Plus de 70 personnes y travaillent et y fabriquent plus de 700 v\u00e9hicules par an.C\u2019est une usine industrialis\u00e9e et moderne avec robots de soudure, de d\u00e9coupe qui permettent d\u2019offrir la meilleure des qualit\u00e9s de fabrication avec les aciers et les &hellip; <a href=\"https:\/\/tadys.fr\/?page_id=17\" class=\"more-link\">Continue reading<span class=\"screen-reader-text\"> \u00ab\u00a0GILI GROUP Sp\u00e9cialiste du Transport pour l&rsquo;Agriculture\u00a0\u00bb<\/span><\/a><\/p>\n","protected":false},"author":1,"featured_media":594,"parent":0,"menu_order":1,"comment_status":"closed","ping_status":"closed","template":"","meta":{"footnotes":""},"class_list":["post-17","page","type-page","status-publish","has-post-thumbnail","hentry"],"aioseo_notices":[],"_links":{"self":[{"href":"https:\/\/tadys.fr\/index.php?rest_route=\/wp\/v2\/pages\/17","targetHints":{"allow":["GET"]}}],"collection":[{"href":"https:\/\/tadys.fr\/index.php?rest_route=\/wp\/v2\/pages"}],"about":[{"href":"https:\/\/tadys.fr\/index.php?rest_route=\/wp\/v2\/types\/page"}],"author":[{"embeddable":true,"href":"https:\/\/tadys.fr\/index.php?rest_route=\/wp\/v2\/users\/1"}],"replies":[{"embeddable":true,"href":"https:\/\/tadys.fr\/index.php?rest_route=%2Fwp%2Fv2%2Fcomments&post=17"}],"version-history":[{"count":22,"href":"https:\/\/tadys.fr\/index.php?rest_route=\/wp\/v2\/pages\/17\/revisions"}],"predecessor-version":[{"id":1341,"href":"https:\/\/tadys.fr\/index.php?rest_route=\/wp\/v2\/pages\/17\/revisions\/1341"}],"wp:featuredmedia":[{"embeddable":true,"href":"https:\/\/tadys.fr\/index.php?rest_route=\/wp\/v2\/media\/594"}],"wp:attachment":[{"href":"https:\/\/tadys.fr\/index.php?rest_route=%2Fwp%2Fv2%2Fmedia&parent=17"}],"curies":[{"name":"wp","href":"https:\/\/api.w.org\/{rel}","templated":true}]}}