{"id":40,"date":"2020-03-23T16:19:02","date_gmt":"2020-03-23T16:19:02","guid":{"rendered":"http:\/\/tadys.fr\/?page_id=40"},"modified":"2026-04-13T13:01:04","modified_gmt":"2026-04-13T13:01:04","slug":"a-propos-de-tadys","status":"publish","type":"page","link":"https:\/\/tadys.fr\/?page_id=40","title":{"rendered":"A PROPOS DE TADYS : 20 ANS D&rsquo;EXPERIENCE"},"content":{"rendered":"<div class=\"\" style=\"\" >\n    \n    <section class=\"u-clearfix u-section-2\" id=\"sec-6797\">\n      <div class=\"u-clearfix u-sheet u-valign-bottom-lg u-valign-bottom-md u-valign-bottom-sm u-valign-bottom-xs u-sheet-1\">\n        <div class=\"data-layout-selected u-clearfix u-expanded-width u-gradient u-layout-wrap u-layout-wrap-1\">\n          <div class=\"u-layout\">\n            <div class=\"u-layout-row\">\n              <div class=\"u-size-30\">\n                <div class=\"u-layout-col\">\n                  <div class=\"u-align-justify u-container-style u-image u-image-contain u-image-default u-layout-cell u-left-cell u-size-60 u-image-1\" data-image-width=\"642\" data-image-height=\"473\" style=\"background-image: url(&quot;https:\/\/tadys.fr\/wp-content\/uploads\/2023\/12\/20ANSTADYSBLANC.png&quot;);\">\n                    <div class=\"u-container-layout u-container-layout-1\">\n                      <p class=\"u-text u-text-grey-75 u-text-1\"><b><span class=\"u-text-grey-60\">IMPORTATEUR AVEC 3 SP\u00c9CIALIT\u00c9S DEPUIS 20 ANS<\/span><\/b><span class=\"u-text-grey-60\">\n                          <br><\/span>\n                        <br><b>TADYS <\/b>est une entreprise fran\u00e7aise fond\u00e9e par Yves TALIERCIO, ayant travaill\u00e9 pour diff\u00e9rents constructeurs fran\u00e7ais et allemands depuis 1981.<br>\n                        <br>Il d\u00e9marra son activit\u00e9 d'importateur en 2003 avec le d\u00e9fi d'imposer en France des marques jusqu'alors m\u00e9connues sur le territoire. C'est ainsi que l'ann\u00e9e suivante est n\u00e9e TADYS.<br>L'entreprise occitane s'est entour\u00e9e de partenaires espagnols (OVLAC et GILI GROUP), allemand (KNOCHE) et italiens (OMARV) afin de proposer un panel de produits compl\u00e9mentaires \u00e0 ses revendeurs.<br><b>TADYS <\/b>est aujourd'hui implant\u00e9e nationalement.<br>\n                        <br>Aujourd'hui, <b>TADYS <\/b>est entour\u00e9e d'une \u00e9quipe commerciale sur le terrain qui forme les \u00e9quipes de vente, met en route les machines, organise des d\u00e9mos...Nous sommes tr\u00e8s fiers d'accompagner nos revendeurs et agriculteurs depuis plus de 20 ans.<br>\n                        <br>Nous avons la volont\u00e9 de toujours am\u00e9liorer le service donn\u00e9 \u00e0 nos clients avec des locaux implant\u00e9s sur 1 ha de terrain \u00e0 moins d'une minute du p\u00e9age autoroutier de Caussade (82).<br>\n                        <br>La pi\u00e8ce de rechange de nos produits ainsi que du mat\u00e9riel de stock permettent de r\u00e9pondre \u00e0 la demande de chacun de nos clients. La salle de r\u00e9union permet \u00e9galement de former nos partenaires revendeurs \u00e0 nos produits.\n                      <\/p>\n                    <\/div>\n                  <\/div>\n                <\/div>\n              <\/div>\n              <div class=\"u-size-30\">\n                <div class=\"u-layout-col\">\n                  <div class=\"u-align-justify u-container-style u-layout-cell u-right-cell u-size-30 u-white u-layout-cell-2\">\n                    <div class=\"u-container-layout u-valign-top-lg u-valign-top-md u-valign-top-sm u-valign-top-xl u-container-layout-2\">\n                      <img decoding=\"async\" class=\"u-expanded-width u-image u-image-2\" src=\"https:\/\/tadys.fr\/wp-content\/uploads\/2024\/01\/DJI_0357-scaled.jpg\" data-image-width=\"3226\" data-image-height=\"1814\">\n                      <p class=\"u-text u-text-2\">Un stock tampon toujours disponible permet de livrer les commandes urgentes. Les autres commandes sont livr\u00e9es depuis les usines.<\/p>\n                    <\/div>\n                  <\/div>\n                  <div class=\"u-align-justify u-container-style u-layout-cell u-right-cell u-size-30 u-white u-layout-cell-3\">\n                    <div class=\"u-container-layout u-valign-top-lg u-valign-top-md u-container-layout-3\">\n                      <img decoding=\"async\" src=\"https:\/\/tadys.fr\/wp-content\/uploads\/2020\/03\/MAGASIN.jpg\" alt=\"\" class=\"u-expanded-width-lg u-expanded-width-xl u-image u-image-default u-image-3\" data-image-width=\"580\" data-image-height=\"200\">\n                      <p class=\"u-text u-text-3\">Toute la pi\u00e8ce d'usure est disponible avec des d\u00e9parts tous les jours sur toute la France et des chargements\/d\u00e9chargements r\u00e9guliers de mat\u00e9riels.<\/p>\n                    <\/div>\n                  <\/div>\n                <\/div>\n              <\/div>\n            <\/div>\n          <\/div>\n        <\/div>\n      <\/div>\n    <\/section>\n    <section class=\"u-clearfix u-section-3\" id=\"sec-cb43\">\n      <div class=\"u-clearfix u-sheet u-valign-middle-md u-valign-middle-sm u-valign-middle-xs u-sheet-1\">\n        <div class=\"data-layout-selected u-clearfix u-expanded-width-md u-expanded-width-sm u-expanded-width-xs u-layout-wrap u-layout-wrap-1\">\n          <div class=\"u-layout\">\n            <div class=\"u-layout-row\">\n              <div class=\"u-container-style u-layout-cell u-left-cell u-size-30 u-layout-cell-1\">\n                <div class=\"u-container-layout u-container-layout-1\">\n                  <h3 class=\"u-align-center u-text u-text-grey-60 u-text-1\">Une \u00e9quipe sur le terrain qui vous accompagne<\/h3>\n                  <img decoding=\"async\" class=\"u-expanded-width u-image u-image-1\" src=\"https:\/\/tadys.fr\/wp-content\/uploads\/2022\/10\/20220908_0810242-scaled.jpg\" data-image-width=\"2560\" data-image-height=\"1920\">\n                  <p class=\"u-align-center-xl u-align-justify-lg u-align-justify-md u-align-justify-sm u-align-justify-xs u-text u-text-2\">Une \u00e9quipe r\u00e9active op\u00e8re sur le territoire fran\u00e7ais pour la formation de nos revendeurs tant au niveau commercial, technique et pi\u00e8ces.&nbsp;Un appui de nos fournisseurs permet d'accompagner notre \u00e9quipe en apportant leur connaissance et savoir faire.<\/p>\n                <\/div>\n              <\/div>\n              <div class=\"u-align-center u-container-align-center u-container-style u-layout-cell u-right-cell u-size-30 u-layout-cell-2\">\n                <div class=\"u-container-layout u-valign-bottom-lg u-container-layout-2\">\n                  <h3 class=\"u-text u-text-grey-60 u-text-3\"> Secteurs Commerciaux<\/h3>\n                  <img decoding=\"async\" src=\"https:\/\/tadys.fr\/wp-content\/uploads\/2023\/09\/CARTESECTEURSTADYS-1.png\" alt=\"\" class=\"u-image u-image-default u-image-2\" data-image-width=\"521\" data-image-height=\"542\">\n                  <p class=\"u-text u-text-4\">Plusieurs secteurs couverts par des Inspecteurs commerciaux ou des agents commerciaux&nbsp;<br>(selon secteurs)<br>Consultez nous sur tadys@tadys.fr afin d'obtenir les coordonn\u00e9es de votre contact.<br>Pour toute demande concernant la pi\u00e8ce, contactez magpieces@tadys.fr.<br>\n                  <\/p>\n                <\/div>\n              <\/div>\n            <\/div>\n          <\/div>\n        <\/div>\n      <\/div>\n    <\/section>\n    <section class=\"u-clearfix u-image u-section-4\" id=\"sec-918c\" data-image-width=\"2560\" data-image-height=\"1920\" data-href=\"https:\/\/tadys.fr\/\" title=\"ACCUEIL\" style=\"background-image: url(&quot;https:\/\/tadys.fr\/wp-content\/uploads\/2022\/06\/20220613_151539COMPRESSED-scaled.jpg&quot;);\">\n      <div class=\"u-clearfix u-sheet u-sheet-1\"><\/div>\n    <\/section>\n    \n    \n    \n    \n  \n<\/div>","protected":false},"excerpt":{"rendered":"<p>IMPORTATEUR AVEC 3 SP\u00c9CIALIT\u00c9S DEPUIS 20 ANS TADYS est une entreprise fran\u00e7aise fond\u00e9e par Yves TALIERCIO, ayant travaill\u00e9 pour diff\u00e9rents constructeurs fran\u00e7ais et allemands depuis 1981. Il d\u00e9marra son activit\u00e9 d&rsquo;importateur en 2003 avec le d\u00e9fi d&rsquo;imposer en France des marques jusqu&rsquo;alors m\u00e9connues sur le territoire. C&rsquo;est ainsi que l&rsquo;ann\u00e9e suivante est n\u00e9e TADYS.L&rsquo;entreprise occitane &hellip; <a href=\"https:\/\/tadys.fr\/?page_id=40\" class=\"more-link\">Continue reading<span class=\"screen-reader-text\"> \u00ab\u00a0A PROPOS DE TADYS : 20 ANS D&rsquo;EXPERIENCE\u00a0\u00bb<\/span><\/a><\/p>\n","protected":false},"author":1,"featured_media":0,"parent":0,"menu_order":0,"comment_status":"closed","ping_status":"closed","template":"","meta":{"footnotes":""},"class_list":["post-40","page","type-page","status-publish","hentry"],"aioseo_notices":[],"_links":{"self":[{"href":"https:\/\/tadys.fr\/index.php?rest_route=\/wp\/v2\/pages\/40","targetHints":{"allow":["GET"]}}],"collection":[{"href":"https:\/\/tadys.fr\/index.php?rest_route=\/wp\/v2\/pages"}],"about":[{"href":"https:\/\/tadys.fr\/index.php?rest_route=\/wp\/v2\/types\/page"}],"author":[{"embeddable":true,"href":"https:\/\/tadys.fr\/index.php?rest_route=\/wp\/v2\/users\/1"}],"replies":[{"embeddable":true,"href":"https:\/\/tadys.fr\/index.php?rest_route=%2Fwp%2Fv2%2Fcomments&post=40"}],"version-history":[{"count":38,"href":"https:\/\/tadys.fr\/index.php?rest_route=\/wp\/v2\/pages\/40\/revisions"}],"predecessor-version":[{"id":1318,"href":"https:\/\/tadys.fr\/index.php?rest_route=\/wp\/v2\/pages\/40\/revisions\/1318"}],"wp:attachment":[{"href":"https:\/\/tadys.fr\/index.php?rest_route=%2Fwp%2Fv2%2Fmedia&parent=40"}],"curies":[{"name":"wp","href":"https:\/\/api.w.org\/{rel}","templated":true}]}}